{"id":4444,"date":"2022-02-15T08:35:47","date_gmt":"2022-02-15T07:35:47","guid":{"rendered":"http:\/\/www.toulon-triathlon.com\/?page_id=4444"},"modified":"2022-12-12T19:04:29","modified_gmt":"2022-12-12T18:04:29","slug":"le-defi-du-levant-2022","status":"publish","type":"page","link":"https:\/\/www.toulon-triathlon.com\/index.php\/le-defi-du-levant-2022\/","title":{"rendered":"Le D\u00e9fi du Levant 2022"},"content":{"rendered":"\n<h1 class=\"wp-block-heading\">Vid\u00e9o de l&rsquo;\u00e9preuve<\/h1>\n\n\n\n<figure class=\"wp-block-embed is-type-video is-provider-youtube wp-block-embed-youtube wp-embed-aspect-16-9 wp-has-aspect-ratio\"><div class=\"wp-block-embed__wrapper\">\n<iframe loading=\"lazy\" title=\"Swimrun Toulon &quot;le d\u00e9fi du Levant&quot; 2022\" width=\"800\" height=\"450\" src=\"https:\/\/www.youtube.com\/embed\/vSGyUUzZNnc?feature=oembed\" frameborder=\"0\" allow=\"accelerometer; autoplay; clipboard-write; encrypted-media; gyroscope; picture-in-picture; web-share\" allowfullscreen><\/iframe>\n<\/div><\/figure>\n\n\n\n<p>Les r\u00e9sultats sont en ligne ici : <a href=\"https:\/\/chronosports.fr\/classification\/swimrun-toulon\" target=\"_blank\" rel=\"noreferrer noopener\">R\u00e9sultats<\/a><\/p>\n\n\n\n<p>Voici \u00e9galement un lien pour les photos : <a href=\"https:\/\/onedrive.live.com\/?authkey=%21AFbfp4gsjhohMNU&amp;id=4A4845E052756AD8%21115086&amp;cid=4A4845E052756AD8\" target=\"_blank\" rel=\"noreferrer noopener\">Photos JU Mullot<\/a><\/p>\n\n\n\n<h1 class=\"has-text-align-left has-black-color has-text-color wp-block-heading\">Teaser \u00e9dition<\/h1>\n\n\n\n<figure class=\"wp-block-embed is-type-video is-provider-youtube wp-block-embed-youtube wp-embed-aspect-16-9 wp-has-aspect-ratio\"><div class=\"wp-block-embed__wrapper\">\n<iframe loading=\"lazy\" title=\"Swimrun Le Defi du Levant 2022 TEASER\" width=\"800\" height=\"450\" src=\"https:\/\/www.youtube.com\/embed\/GWCOnzvAYic?feature=oembed\" frameborder=\"0\" allow=\"accelerometer; autoplay; clipboard-write; encrypted-media; gyroscope; picture-in-picture; web-share\" allowfullscreen><\/iframe>\n<\/div><\/figure>\n\n\n\n<p class=\"has-medium-font-size\" id=\"block-2025eb80-ecb9-4c49-82d7-8c04d2614a24\">Les 3 circuits XS, M et S sont propos\u00e9s en Equipe ou en Solo.<br><br><br><a rel=\"noreferrer noopener\" href=\"https:\/\/drive.google.com\/file\/d\/1WvLNdubOEX8F5QHBBdjOKOWrJVrgEzwW\/view?usp=sharing\" target=\"_blank\">R\u00e8glement 2022<\/a> : Tarifs, Programme (\u00e0 lire attentivement)<\/p>\n\n\n\n<figure class=\"wp-block-image aligncenter size-large\"><img loading=\"lazy\" decoding=\"async\" width=\"738\" height=\"1024\" src=\"https:\/\/www.toulon-triathlon.com\/wp-content\/uploads\/2022\/02\/Affiche-Swimrun-2022-738x1024.jpg\" alt=\"\" class=\"wp-image-4471\"\/><\/figure>\n\n\n\n<h2 class=\"wp-block-heading\"><br><strong><span style=\"color:#000000\" class=\"tadv-color\">Pr\u00e9sentation des 3 Parcours :<\/span><\/strong><\/h2>\n\n\n\n<div class=\"wp-block-media-text alignwide is-stacked-on-mobile\" style=\"grid-template-columns:51% auto\"><figure class=\"wp-block-media-text__media\"><a href=\"https:\/\/www.toulon-triathlon.com\/wp-content\/uploads\/2022\/02\/Parcours-XS-2022.png\"><img decoding=\"async\" src=\"https:\/\/www.toulon-triathlon.com\/wp-content\/uploads\/2022\/02\/Parcours-XS-2022.png\" alt=\"\" class=\"wp-image-4445 size-full\"\/><\/a><\/figure><div class=\"wp-block-media-text__content\">\n<h3 class=\"has-text-align-center wp-block-heading\">Parcours XS<br>Challenge Enfant \/Parent<\/h3>\n\n\n\n<p>    Parcours d\u00e9couverte ouvert aux familles <br>9 Sections dont 5 Courses \u00e0 pied et 4 Natations<br>2320m C\u00e0P \/ 720 m Natation = <strong>3040m Total<\/strong><\/p>\n<\/div><\/div>\n\n\n\n<div class=\"wp-block-media-text alignwide has-media-on-the-right is-stacked-on-mobile\" style=\"grid-template-columns:auto 51%\"><figure class=\"wp-block-media-text__media\"><a href=\"https:\/\/drive.google.com\/file\/d\/1PrkWfnBDOyaw5tl8tog6-Ot_RpLFPfxu\/view?usp=sharing\"><img decoding=\"async\" src=\"https:\/\/www.toulon-triathlon.com\/wp-content\/uploads\/2022\/02\/Parcours-S-2022..png\" alt=\"\" class=\"wp-image-4446 size-full\"\/><\/a><\/figure><div class=\"wp-block-media-text__content\">\n<h3 class=\"wp-block-heading\"><br>Parcours S<\/h3>\n\n\n\n<p>              Parcours Rapide et Sportif<br>13 Sections dont 7 Courses \u00e0 pied et 6 Natations<br>6500m C\u00e0P \/ 1770m Natation = <strong>8270m Total<\/strong><\/p>\n<\/div><\/div>\n\n\n\n<div class=\"wp-block-media-text alignwide is-stacked-on-mobile\" style=\"grid-template-columns:42% auto\"><figure class=\"wp-block-media-text__media\"><a href=\"https:\/\/drive.google.com\/file\/d\/1PHwkcG4YJsd0XSEICYKA9m0qijWw8I0s\/view?usp=sharing\"><img decoding=\"async\" src=\"https:\/\/www.toulon-triathlon.com\/wp-content\/uploads\/2022\/02\/Parcours-M-2022-.png\" alt=\"\" class=\"wp-image-4447 size-full\"\/><\/a><\/figure><div class=\"wp-block-media-text__content\">\n<h3 class=\"wp-block-heading\">Parcours M<\/h3>\n\n\n\n<p>               Parcours Long et Sportif<br>27 Sections dont 14 Courses \u00e0 pied et 13 Natations<br>1\u00b0 Boucle Longue : De la Tour Royale jusqu&rsquo;\u00e0 l&rsquo;Anse M\u00e9jean, puis retour vers la Plage de la Mitre<br>2\u00b0 Boucle Courte : Plage de la Mitre jusqu&rsquo;\u00e0 L&rsquo;\u00eele aux Chiens et retour vers la Tour Royale <br><br>13540m C\u00e0P \/ 4070m Natation = <strong>17610m Total<\/strong><\/p>\n<\/div><\/div>\n\n\n\n<p class=\"has-large-font-size\"><strong><span style=\"color:#0693e3\" class=\"tadv-color\">INSCRIPTION : <\/span><\/strong><\/p>\n\n\n\n<p class=\"has-medium-font-size\">Sur le site Internet de notre partenaire : <a href=\"https:\/\/www.njuko.net\/swimrundetoulon2022\/select_competition\" data-type=\"URL\" data-id=\"https:\/\/www.njuko.net\/swimrundetoulon2022\/select_competition\" target=\"_blank\" rel=\"noreferrer noopener\">Chronosport<\/a> <br><\/p>\n\n\n\n<p class=\"has-vivid-cyan-blue-color has-text-color has-medium-font-size\"><span style=\"color:#0693e3\" class=\"tadv-color\"><strong>RENSEIGNEMENTS :<\/strong><\/span>                          Pellegry Serge \/ 06 07 38 09 93<br>                                                               mail : ledefidulevant@toulon-triathlon.com<\/p>\n\n\n\n<p class=\"has-medium-font-size\"><a rel=\"noreferrer noopener\" href=\"https:\/\/drive.google.com\/file\/d\/1jxULwd1xpaI0OLvmeQDdhC0tZVcKWAIf\/view?usp=sharing\" data-type=\"URL\" target=\"_blank\"><strong><span style=\"color:#9b51e0\" class=\"tadv-color\">D\u00e9tails des encha\u00eenements<\/span><\/strong><\/a><\/p>\n\n\n\n<p><\/p>\n","protected":false},"excerpt":{"rendered":"<p>Vid\u00e9o de l&rsquo;\u00e9preuve Les r\u00e9sultats sont en ligne ici : R\u00e9sultats Voici \u00e9galement un lien pour les photos : Photos<\/p>\n","protected":false},"author":1,"featured_media":0,"parent":0,"menu_order":0,"comment_status":"closed","ping_status":"closed","template":"","meta":{"colormag_page_container_layout":"default_layout","colormag_page_sidebar_layout":"default_layout","_monsterinsights_skip_tracking":false,"_monsterinsights_sitenote_active":false,"_monsterinsights_sitenote_note":"","_monsterinsights_sitenote_category":0,"ngg_post_thumbnail":0,"footnotes":""},"class_list":["post-4444","page","type-page","status-publish","hentry"],"_links":{"self":[{"href":"https:\/\/www.toulon-triathlon.com\/index.php\/wp-json\/wp\/v2\/pages\/4444","targetHints":{"allow":["GET"]}}],"collection":[{"href":"https:\/\/www.toulon-triathlon.com\/index.php\/wp-json\/wp\/v2\/pages"}],"about":[{"href":"https:\/\/www.toulon-triathlon.com\/index.php\/wp-json\/wp\/v2\/types\/page"}],"author":[{"embeddable":true,"href":"https:\/\/www.toulon-triathlon.com\/index.php\/wp-json\/wp\/v2\/users\/1"}],"replies":[{"embeddable":true,"href":"https:\/\/www.toulon-triathlon.com\/index.php\/wp-json\/wp\/v2\/comments?post=4444"}],"version-history":[{"count":19,"href":"https:\/\/www.toulon-triathlon.com\/index.php\/wp-json\/wp\/v2\/pages\/4444\/revisions"}],"predecessor-version":[{"id":4700,"href":"https:\/\/www.toulon-triathlon.com\/index.php\/wp-json\/wp\/v2\/pages\/4444\/revisions\/4700"}],"wp:attachment":[{"href":"https:\/\/www.toulon-triathlon.com\/index.php\/wp-json\/wp\/v2\/media?parent=4444"}],"curies":[{"name":"wp","href":"https:\/\/api.w.org\/{rel}","templated":true}]}}