{"id":4201,"date":"2021-01-12T08:50:24","date_gmt":"2021-01-12T07:50:24","guid":{"rendered":"http:\/\/www.toulon-triathlon.com\/?page_id=4201"},"modified":"2021-11-21T22:21:40","modified_gmt":"2021-11-21T21:21:40","slug":"4201-2","status":"publish","type":"page","link":"https:\/\/www.toulon-triathlon.com\/index.php\/4201-2\/","title":{"rendered":"Trail du Coudon 2021"},"content":{"rendered":"\n<p align=\"center\"><a title=\"Facebook\" href=\"https:\/\/www.facebook.com\/ledefidulevant\/\" target=\"_blank\" rel=\"noopener noreferrer\"><img loading=\"lazy\" decoding=\"async\" src=\"https:\/\/www.toulon-triathlon.com\/wp-content\/uploads\/2019\/07\/iconfinder_Facebook_1288098.png\" alt=\"le-texte-alternatif-de-l'image\" width=\"70\" height=\"70\"><\/a> <a title=\"Instagram\" href=\"https:\/\/www.instagram.com\/ledefidulevant\/\" target=\"_blank\" rel=\"noopener noreferrer\"><img loading=\"lazy\" decoding=\"async\" src=\"https:\/\/www.toulon-triathlon.com\/wp-content\/uploads\/2019\/07\/iconfinder_Instagram_1298747.png\" alt=\"Instagram\" width=\"70\" height=\"70\"><\/a><\/p>\n\n\n\n<p class=\"has-vivid-cyan-blue-color has-text-color has-large-font-size\"> <\/p>\n\n\n\n<div class=\"wp-block-cover has-background-dim\"><img loading=\"lazy\" decoding=\"async\" width=\"960\" height=\"661\" class=\"wp-block-cover__image-background wp-image-3666\" alt=\"\" src=\"https:\/\/www.toulon-triathlon.com\/wp-content\/uploads\/2019\/10\/1.jpg\" data-object-fit=\"cover\" srcset=\"https:\/\/www.toulon-triathlon.com\/wp-content\/uploads\/2019\/10\/1.jpg 960w, https:\/\/www.toulon-triathlon.com\/wp-content\/uploads\/2019\/10\/1-300x207.jpg 300w, https:\/\/www.toulon-triathlon.com\/wp-content\/uploads\/2019\/10\/1-768x529.jpg 768w, https:\/\/www.toulon-triathlon.com\/wp-content\/uploads\/2019\/10\/1-148x102.jpg 148w, https:\/\/www.toulon-triathlon.com\/wp-content\/uploads\/2019\/10\/1-31x21.jpg 31w, https:\/\/www.toulon-triathlon.com\/wp-content\/uploads\/2019\/10\/1-38x26.jpg 38w, https:\/\/www.toulon-triathlon.com\/wp-content\/uploads\/2019\/10\/1-312x215.jpg 312w, https:\/\/www.toulon-triathlon.com\/wp-content\/uploads\/2019\/10\/1-130x90.jpg 130w\" sizes=\"auto, (max-width: 960px) 100vw, 960px\" \/><div class=\"wp-block-cover__inner-container is-layout-flow wp-block-cover-is-layout-flow\">\n<p class=\"has-text-align-center has-large-font-size\">Le Trail du Coudon<\/p>\n\n\n\n<p class=\"has-text-align-center has-large-font-size\">21 Novembre 2021<\/p>\n<\/div><\/div>\n\n\n\n<p class=\"has-vivid-cyan-blue-color has-text-color has-large-font-size\"><strong><a href=\"https:\/\/timingzone.com\/trail-du-coudon-2021\" data-type=\"URL\" data-id=\"https:\/\/timingzone.com\/trail-du-coudon-2021\" target=\"_blank\" rel=\"noreferrer noopener\">RESULTATS<\/a><\/strong><\/p>\n\n\n\n<p>Organis\u00e9 par le club depuis 2013, le trail \u00e9tait initialement appel\u00e9 \u00ab\u00a0Trail des Amoureux du Coudon\u00a0\u00bb et couru en duo uniquement pour le 30km, il \u00e9tait organis\u00e9 aux alentours du 14 f\u00e9vrier mais cette ann\u00e9e il prendra place le 21 novembre 2021<\/p>\n\n\n\n<p>Il est ensuite devenu \u00ab\u00a0Trail du Coudon\u00a0\u00bb et emprunte le m\u00eame massif avec comme l&rsquo;an dernier 3 parcours dont une distance de 7.5km ouverte aux cadets.<\/p>\n\n\n\n<p class=\"has-vivid-cyan-blue-color has-text-color\"><strong>RETRAIT DES DOSSARDS.<\/strong><\/p>\n\n\n\n<p>&#8211; le samedi 20 Novembre, de 15h00 \u00e0 18h00 : TERRE DE RUNNING 83130 La Garde<br>&#8211; Le dimanche 21 Novembre \u00e0 partir de 7h30 :<br>&nbsp; &nbsp; &nbsp; &nbsp; &nbsp; &nbsp; <em>Centre a\u00e9r\u00e9 Jean Gravrand,&nbsp; <\/em>1974, Route de Tourris,&nbsp; 83160 La Valette du Var<br>La pr\u00e9sentation d\u2019une licence en rapport avec la course \u00e0 pied est obligatoire, \u00e0 d\u00e9faut il sera n\u00e9cessaire de&nbsp; pr\u00e9senter un certificat m\u00e9dical autorisant la pratique du Trail en comp\u00e9tition datant&nbsp; de moins d\u2019un an. &nbsp; &nbsp; &nbsp; &nbsp; &nbsp; &nbsp; &nbsp; &nbsp; &nbsp; &nbsp; <br>&nbsp; &nbsp; &nbsp; Une autorisation parentale est n\u00e9cessaire pour les mineurs.<\/p>\n\n\n\n<p class=\"has-vivid-cyan-blue-color has-text-color\"><strong>REGLES SANITAIRES :<\/strong> <\/p>\n\n\n\n<p class=\"has-black-color has-text-color\">Le Pass Sanitaire est obligatoire pour participer au Trail  ainsi que pour tous ceux qui souhaitent acc\u00e9der au Centre A\u00e9r\u00e9 Jean Gravrand  (site du d\u00e9part-arriv\u00e9e)<br><br><span style=\"color:#0693e3\" class=\"tadv-color\"><strong>INFORMATIONS COURSES :<\/strong><\/span><br>Pour le Trail 28Km : <span style=\"color:#cf2e2e\" class=\"tadv-color\">Temps limite de passage \u00e0 12H00 (soit 3 Heures de course) au ravitaillement de Tourris Marine et 12H30 au ravitaillement du Coudon .Les concurrents d\u00e9passant ce d\u00e9lai seront aiguill\u00e9s sur le retour du 15Km.<\/span><br><br><strong>RAVITAILLEMENT :<\/strong><br> Liquide&nbsp;et solide : sur le d\u00e9part,&nbsp; Revest-Tourris Marine , Revest-Tourris Carri\u00e8re et sommet Coudon&nbsp;<br> Repas Froid pour tous \u00e0 l\u2019arriv\u00e9e<br>Un gobelet r\u00e9utilisable vous sera fourni lors du retrait des dossards : il sera n\u00e9cessaire pour les ravitaillements liquides pr\u00e9sents sur l&rsquo;ensemble des parcours ainsi qu&rsquo;\u00e0 l&rsquo;arriv\u00e9e.<br><strong>RENSEIGNEMENTS :<\/strong><br>Serge :  06.07.38.09.93 &nbsp; &nbsp; et&nbsp; &nbsp; David : 06.62.20.13.48 <\/p>\n\n\n\n<p><\/p>\n\n\n\n<div class=\"wp-block-image\"><figure class=\"aligncenter size-large is-resized\"><img loading=\"lazy\" decoding=\"async\" src=\"https:\/\/www.toulon-triathlon.com\/wp-content\/uploads\/2021\/01\/Affiche_Novembre-724x1024.jpg\" alt=\"\" class=\"wp-image-4207\" width=\"522\" height=\"739\" srcset=\"https:\/\/www.toulon-triathlon.com\/wp-content\/uploads\/2021\/01\/Affiche_Novembre-724x1024.jpg 724w, https:\/\/www.toulon-triathlon.com\/wp-content\/uploads\/2021\/01\/Affiche_Novembre-212x300.jpg 212w, https:\/\/www.toulon-triathlon.com\/wp-content\/uploads\/2021\/01\/Affiche_Novembre-768x1086.jpg 768w, https:\/\/www.toulon-triathlon.com\/wp-content\/uploads\/2021\/01\/Affiche_Novembre-1086x1536.jpg 1086w, https:\/\/www.toulon-triathlon.com\/wp-content\/uploads\/2021\/01\/Affiche_Novembre-105x148.jpg 105w, https:\/\/www.toulon-triathlon.com\/wp-content\/uploads\/2021\/01\/Affiche_Novembre-22x31.jpg 22w, https:\/\/www.toulon-triathlon.com\/wp-content\/uploads\/2021\/01\/Affiche_Novembre-27x38.jpg 27w, https:\/\/www.toulon-triathlon.com\/wp-content\/uploads\/2021\/01\/Affiche_Novembre-152x215.jpg 152w, https:\/\/www.toulon-triathlon.com\/wp-content\/uploads\/2021\/01\/Affiche_Novembre.jpg 1241w\" sizes=\"auto, (max-width: 522px) 100vw, 522px\" \/><\/figure><\/div>\n\n\n\n<div class=\"wp-block-media-text alignwide is-stacked-on-mobile\" style=\"grid-template-columns:42% auto\"><figure class=\"wp-block-media-text__media\"><img loading=\"lazy\" decoding=\"async\" width=\"885\" height=\"608\" src=\"https:\/\/www.toulon-triathlon.com\/wp-content\/uploads\/2019\/11\/8.jpg\" alt=\"\" class=\"wp-image-3711 size-full\" srcset=\"https:\/\/www.toulon-triathlon.com\/wp-content\/uploads\/2019\/11\/8.jpg 885w, https:\/\/www.toulon-triathlon.com\/wp-content\/uploads\/2019\/11\/8-300x206.jpg 300w, https:\/\/www.toulon-triathlon.com\/wp-content\/uploads\/2019\/11\/8-768x528.jpg 768w, https:\/\/www.toulon-triathlon.com\/wp-content\/uploads\/2019\/11\/8-148x102.jpg 148w, https:\/\/www.toulon-triathlon.com\/wp-content\/uploads\/2019\/11\/8-31x21.jpg 31w, https:\/\/www.toulon-triathlon.com\/wp-content\/uploads\/2019\/11\/8-38x26.jpg 38w, https:\/\/www.toulon-triathlon.com\/wp-content\/uploads\/2019\/11\/8-313x215.jpg 313w, https:\/\/www.toulon-triathlon.com\/wp-content\/uploads\/2019\/11\/8-130x90.jpg 130w\" sizes=\"auto, (max-width: 885px) 100vw, 885px\" \/><\/figure><div class=\"wp-block-media-text__content\">\n<p class=\"has-large-font-size\"><a href=\"https:\/\/connect.garmin.com\/modern\/activity\/4210230427#.XcsMPD8BpFU.gmail\" data-type=\"URL\" data-id=\"https:\/\/connect.garmin.com\/modern\/activity\/4210230427#.XcsMPD8BpFU.gmail\" target=\"_blank\" rel=\"noreferrer noopener\">Parcours 7.5km (300m D+)<\/a><\/p>\n\n\n\n<p><\/p>\n<\/div><\/div>\n\n\n\n<div class=\"wp-block-media-text alignwide has-media-on-the-right is-stacked-on-mobile\" style=\"grid-template-columns:auto 42%\"><figure class=\"wp-block-media-text__media\"><img loading=\"lazy\" decoding=\"async\" width=\"915\" height=\"608\" src=\"https:\/\/www.toulon-triathlon.com\/wp-content\/uploads\/2019\/10\/6.jpg\" alt=\"\" class=\"wp-image-3670 size-full\" srcset=\"https:\/\/www.toulon-triathlon.com\/wp-content\/uploads\/2019\/10\/6.jpg 915w, https:\/\/www.toulon-triathlon.com\/wp-content\/uploads\/2019\/10\/6-300x199.jpg 300w, https:\/\/www.toulon-triathlon.com\/wp-content\/uploads\/2019\/10\/6-768x510.jpg 768w, https:\/\/www.toulon-triathlon.com\/wp-content\/uploads\/2019\/10\/6-148x98.jpg 148w, https:\/\/www.toulon-triathlon.com\/wp-content\/uploads\/2019\/10\/6-31x21.jpg 31w, https:\/\/www.toulon-triathlon.com\/wp-content\/uploads\/2019\/10\/6-38x25.jpg 38w, https:\/\/www.toulon-triathlon.com\/wp-content\/uploads\/2019\/10\/6-324x215.jpg 324w\" sizes=\"auto, (max-width: 915px) 100vw, 915px\" \/><\/figure><div class=\"wp-block-media-text__content\">\n<p class=\"has-large-font-size\"><a href=\"https:\/\/connect.garmin.com\/modern\/activity\/4256247253\" data-type=\"URL\" data-id=\"https:\/\/connect.garmin.com\/modern\/activity\/4256247253\" target=\"_blank\" rel=\"noreferrer noopener\">Parcours 15km (600m D+)<\/a><\/p>\n\n\n\n<p><\/p>\n<\/div><\/div>\n\n\n\n<div class=\"wp-block-media-text alignwide is-stacked-on-mobile\" style=\"grid-template-columns:42% auto\"><figure class=\"wp-block-media-text__media\"><img loading=\"lazy\" decoding=\"async\" width=\"960\" height=\"652\" src=\"https:\/\/www.toulon-triathlon.com\/wp-content\/uploads\/2019\/10\/2.jpg\" alt=\"\" class=\"wp-image-3667 size-full\" srcset=\"https:\/\/www.toulon-triathlon.com\/wp-content\/uploads\/2019\/10\/2.jpg 960w, https:\/\/www.toulon-triathlon.com\/wp-content\/uploads\/2019\/10\/2-300x204.jpg 300w, https:\/\/www.toulon-triathlon.com\/wp-content\/uploads\/2019\/10\/2-768x522.jpg 768w, https:\/\/www.toulon-triathlon.com\/wp-content\/uploads\/2019\/10\/2-148x101.jpg 148w, https:\/\/www.toulon-triathlon.com\/wp-content\/uploads\/2019\/10\/2-31x21.jpg 31w, https:\/\/www.toulon-triathlon.com\/wp-content\/uploads\/2019\/10\/2-38x26.jpg 38w, https:\/\/www.toulon-triathlon.com\/wp-content\/uploads\/2019\/10\/2-317x215.jpg 317w\" sizes=\"auto, (max-width: 960px) 100vw, 960px\" \/><\/figure><div class=\"wp-block-media-text__content\">\n<p class=\"has-large-font-size\"><a href=\"https:\/\/connect.garmin.com\/modern\/activity\/4364220996\" data-type=\"URL\" data-id=\"https:\/\/connect.garmin.com\/modern\/activity\/4364220996\" target=\"_blank\" rel=\"noreferrer noopener\">Parcours 28km (1500m D+)<\/a><\/p>\n\n\n\n<p><\/p>\n<\/div><\/div>\n\n\n\n<div class=\"wp-block-media-text alignwide has-media-on-the-right is-stacked-on-mobile\" style=\"grid-template-columns:auto 42%\"><figure class=\"wp-block-media-text__media\"><img loading=\"lazy\" decoding=\"async\" width=\"915\" height=\"608\" src=\"https:\/\/www.toulon-triathlon.com\/wp-content\/uploads\/2019\/10\/7.jpg\" alt=\"\" class=\"wp-image-3672 size-full\" srcset=\"https:\/\/www.toulon-triathlon.com\/wp-content\/uploads\/2019\/10\/7.jpg 915w, https:\/\/www.toulon-triathlon.com\/wp-content\/uploads\/2019\/10\/7-300x199.jpg 300w, https:\/\/www.toulon-triathlon.com\/wp-content\/uploads\/2019\/10\/7-768x510.jpg 768w, https:\/\/www.toulon-triathlon.com\/wp-content\/uploads\/2019\/10\/7-148x98.jpg 148w, https:\/\/www.toulon-triathlon.com\/wp-content\/uploads\/2019\/10\/7-31x21.jpg 31w, https:\/\/www.toulon-triathlon.com\/wp-content\/uploads\/2019\/10\/7-38x25.jpg 38w, https:\/\/www.toulon-triathlon.com\/wp-content\/uploads\/2019\/10\/7-324x215.jpg 324w\" sizes=\"auto, (max-width: 915px) 100vw, 915px\" \/><\/figure><div class=\"wp-block-media-text__content\">\n<p class=\"has-large-font-size\"><a href=\"https:\/\/timingzone.com\/evenement\/trail-des-amoureux-du-coudon-2021\" data-type=\"URL\" data-id=\"https:\/\/timingzone.com\/evenement\/trail-des-amoureux-du-coudon-2021\" target=\"_blank\" rel=\"noreferrer noopener\">Inscriptions internet<\/a><\/p>\n\n\n\n<p><\/p>\n\n\n\n<p class=\"has-large-font-size\">D\u00e9tails des \u00e9preuves et inscription papier<\/p>\n\n\n\n<p><a rel=\"noreferrer noopener\" href=\"https:\/\/drive.google.com\/file\/d\/1X3PWL_OEBDokwNGqiqACkom3lLai24cx\/view?usp=sharing\" data-type=\"URL\" data-id=\"https:\/\/drive.google.com\/file\/d\/1X3PWL_OEBDokwNGqiqACkom3lLai24cx\/view?usp=sharing\" target=\"_blank\"><strong>BULLETIN \u00ab\u00a0ICI \u00ab\u00a0<\/strong><\/a><\/p>\n\n\n\n<p> <\/p>\n\n\n\n<p>Pour les inscriptions sur place, le Dimanche matin, les tarifs seront major\u00e9s de 5\u20ac par concurrent<\/p>\n<\/div><\/div>\n\n\n\n<figure class=\"wp-block-image size-large is-resized\"><img loading=\"lazy\" decoding=\"async\" src=\"https:\/\/www.toulon-triathlon.com\/wp-content\/uploads\/2021\/11\/bulletin-Trail-2021-pdf-724x1024.jpg\" alt=\"\" class=\"wp-image-4409\" width=\"793\" height=\"1121\"\/><\/figure>\n\n\n\n<figure class=\"wp-block-image size-large is-resized\"><img loading=\"lazy\" decoding=\"async\" src=\"https:\/\/www.toulon-triathlon.com\/wp-content\/uploads\/2021\/11\/bulletin-Trail-2021-page-2-724x1024.jpg\" alt=\"\" class=\"wp-image-4414\" width=\"815\" height=\"1153\" srcset=\"https:\/\/www.toulon-triathlon.com\/wp-content\/uploads\/2021\/11\/bulletin-Trail-2021-page-2-724x1024.jpg 724w, https:\/\/www.toulon-triathlon.com\/wp-content\/uploads\/2021\/11\/bulletin-Trail-2021-page-2-212x300.jpg 212w, https:\/\/www.toulon-triathlon.com\/wp-content\/uploads\/2021\/11\/bulletin-Trail-2021-page-2-768x1087.jpg 768w, https:\/\/www.toulon-triathlon.com\/wp-content\/uploads\/2021\/11\/bulletin-Trail-2021-page-2-1085x1536.jpg 1085w, https:\/\/www.toulon-triathlon.com\/wp-content\/uploads\/2021\/11\/bulletin-Trail-2021-page-2-1447x2048.jpg 1447w, https:\/\/www.toulon-triathlon.com\/wp-content\/uploads\/2021\/11\/bulletin-Trail-2021-page-2-105x148.jpg 105w, https:\/\/www.toulon-triathlon.com\/wp-content\/uploads\/2021\/11\/bulletin-Trail-2021-page-2-22x31.jpg 22w, https:\/\/www.toulon-triathlon.com\/wp-content\/uploads\/2021\/11\/bulletin-Trail-2021-page-2-27x38.jpg 27w, https:\/\/www.toulon-triathlon.com\/wp-content\/uploads\/2021\/11\/bulletin-Trail-2021-page-2-152x215.jpg 152w, https:\/\/www.toulon-triathlon.com\/wp-content\/uploads\/2021\/11\/bulletin-Trail-2021-page-2-1413x2000.jpg 1413w, https:\/\/www.toulon-triathlon.com\/wp-content\/uploads\/2021\/11\/bulletin-Trail-2021-page-2.jpg 1652w\" sizes=\"auto, (max-width: 815px) 100vw, 815px\" \/><\/figure>\n\n\n\n<figure class=\"wp-block-image size-large\"><img loading=\"lazy\" decoding=\"async\" width=\"724\" height=\"1024\" src=\"https:\/\/www.toulon-triathlon.com\/wp-content\/uploads\/2021\/11\/bulletin-Trail-2021-page-3-724x1024.jpg\" alt=\"\" class=\"wp-image-4415\" srcset=\"https:\/\/www.toulon-triathlon.com\/wp-content\/uploads\/2021\/11\/bulletin-Trail-2021-page-3-724x1024.jpg 724w, https:\/\/www.toulon-triathlon.com\/wp-content\/uploads\/2021\/11\/bulletin-Trail-2021-page-3-212x300.jpg 212w, https:\/\/www.toulon-triathlon.com\/wp-content\/uploads\/2021\/11\/bulletin-Trail-2021-page-3-768x1087.jpg 768w, https:\/\/www.toulon-triathlon.com\/wp-content\/uploads\/2021\/11\/bulletin-Trail-2021-page-3-1085x1536.jpg 1085w, https:\/\/www.toulon-triathlon.com\/wp-content\/uploads\/2021\/11\/bulletin-Trail-2021-page-3-1447x2048.jpg 1447w, https:\/\/www.toulon-triathlon.com\/wp-content\/uploads\/2021\/11\/bulletin-Trail-2021-page-3-105x148.jpg 105w, https:\/\/www.toulon-triathlon.com\/wp-content\/uploads\/2021\/11\/bulletin-Trail-2021-page-3-22x31.jpg 22w, https:\/\/www.toulon-triathlon.com\/wp-content\/uploads\/2021\/11\/bulletin-Trail-2021-page-3-27x38.jpg 27w, https:\/\/www.toulon-triathlon.com\/wp-content\/uploads\/2021\/11\/bulletin-Trail-2021-page-3-152x215.jpg 152w, https:\/\/www.toulon-triathlon.com\/wp-content\/uploads\/2021\/11\/bulletin-Trail-2021-page-3-1413x2000.jpg 1413w, https:\/\/www.toulon-triathlon.com\/wp-content\/uploads\/2021\/11\/bulletin-Trail-2021-page-3.jpg 1652w\" sizes=\"auto, (max-width: 724px) 100vw, 724px\" \/><\/figure>\n\n\n\n<figure class=\"wp-block-image size-large is-resized\"><img loading=\"lazy\" decoding=\"async\" src=\"https:\/\/www.toulon-triathlon.com\/wp-content\/uploads\/2021\/11\/bulletin-Trail-2021-page-4-724x1024.jpg\" alt=\"\" class=\"wp-image-4416\" width=\"794\" height=\"1123\" srcset=\"https:\/\/www.toulon-triathlon.com\/wp-content\/uploads\/2021\/11\/bulletin-Trail-2021-page-4-724x1024.jpg 724w, https:\/\/www.toulon-triathlon.com\/wp-content\/uploads\/2021\/11\/bulletin-Trail-2021-page-4-212x300.jpg 212w, https:\/\/www.toulon-triathlon.com\/wp-content\/uploads\/2021\/11\/bulletin-Trail-2021-page-4-768x1087.jpg 768w, https:\/\/www.toulon-triathlon.com\/wp-content\/uploads\/2021\/11\/bulletin-Trail-2021-page-4-1085x1536.jpg 1085w, https:\/\/www.toulon-triathlon.com\/wp-content\/uploads\/2021\/11\/bulletin-Trail-2021-page-4-1447x2048.jpg 1447w, https:\/\/www.toulon-triathlon.com\/wp-content\/uploads\/2021\/11\/bulletin-Trail-2021-page-4-105x148.jpg 105w, https:\/\/www.toulon-triathlon.com\/wp-content\/uploads\/2021\/11\/bulletin-Trail-2021-page-4-22x31.jpg 22w, https:\/\/www.toulon-triathlon.com\/wp-content\/uploads\/2021\/11\/bulletin-Trail-2021-page-4-27x38.jpg 27w, https:\/\/www.toulon-triathlon.com\/wp-content\/uploads\/2021\/11\/bulletin-Trail-2021-page-4-152x215.jpg 152w, https:\/\/www.toulon-triathlon.com\/wp-content\/uploads\/2021\/11\/bulletin-Trail-2021-page-4-1413x2000.jpg 1413w, https:\/\/www.toulon-triathlon.com\/wp-content\/uploads\/2021\/11\/bulletin-Trail-2021-page-4.jpg 1652w\" sizes=\"auto, (max-width: 794px) 100vw, 794px\" \/><\/figure>\n","protected":false},"excerpt":{"rendered":"<p>RESULTATS Organis\u00e9 par le club depuis 2013, le trail \u00e9tait initialement appel\u00e9 \u00ab\u00a0Trail des Amoureux du Coudon\u00a0\u00bb et couru en<\/p>\n","protected":false},"author":1,"featured_media":0,"parent":0,"menu_order":0,"comment_status":"closed","ping_status":"closed","template":"","meta":{"colormag_page_container_layout":"default_layout","colormag_page_sidebar_layout":"default_layout","_monsterinsights_skip_tracking":false,"_monsterinsights_sitenote_active":false,"_monsterinsights_sitenote_note":"","_monsterinsights_sitenote_category":0,"ngg_post_thumbnail":0,"footnotes":""},"class_list":["post-4201","page","type-page","status-publish","hentry"],"_links":{"self":[{"href":"https:\/\/www.toulon-triathlon.com\/index.php\/wp-json\/wp\/v2\/pages\/4201","targetHints":{"allow":["GET"]}}],"collection":[{"href":"https:\/\/www.toulon-triathlon.com\/index.php\/wp-json\/wp\/v2\/pages"}],"about":[{"href":"https:\/\/www.toulon-triathlon.com\/index.php\/wp-json\/wp\/v2\/types\/page"}],"author":[{"embeddable":true,"href":"https:\/\/www.toulon-triathlon.com\/index.php\/wp-json\/wp\/v2\/users\/1"}],"replies":[{"embeddable":true,"href":"https:\/\/www.toulon-triathlon.com\/index.php\/wp-json\/wp\/v2\/comments?post=4201"}],"version-history":[{"count":8,"href":"https:\/\/www.toulon-triathlon.com\/index.php\/wp-json\/wp\/v2\/pages\/4201\/revisions"}],"predecessor-version":[{"id":4421,"href":"https:\/\/www.toulon-triathlon.com\/index.php\/wp-json\/wp\/v2\/pages\/4201\/revisions\/4421"}],"wp:attachment":[{"href":"https:\/\/www.toulon-triathlon.com\/index.php\/wp-json\/wp\/v2\/media?parent=4201"}],"curies":[{"name":"wp","href":"https:\/\/api.w.org\/{rel}","templated":true}]}}