{"id":3286,"date":"2019-05-30T19:33:42","date_gmt":"2019-05-30T17:33:42","guid":{"rendered":"http:\/\/www.toulon-triathlon.com\/?page_id=3286"},"modified":"2019-08-17T12:10:36","modified_gmt":"2019-08-17T10:10:36","slug":"aquathlon-du-pradet-2019","status":"publish","type":"page","link":"https:\/\/www.toulon-triathlon.com\/index.php\/aquathlon-du-pradet-2019\/","title":{"rendered":"Aquathlon du Pradet 2019"},"content":{"rendered":"\n<a title=\"Facebook\" href=\"https:\/\/www.facebook.com\/AquathlonPradet\/\" target=\"_blank\" rel=\"noopener noreferrer\"><img loading=\"lazy\" decoding=\"async\" src=\"https:\/\/www.toulon-triathlon.com\/wp-content\/uploads\/2019\/07\/iconfinder_Facebook_1288098.png\" alt=\"Facebook\" width=\"35\" height=\"35\"><\/a> <a title=\"Instagram\" href=\"https:\/\/www.instagram.com\/laquathlondupradet\/?hl=fr\" target=\"_blank\" rel=\"noopener noreferrer\"><img loading=\"lazy\" decoding=\"async\" src=\"https:\/\/www.toulon-triathlon.com\/wp-content\/uploads\/2019\/07\/iconfinder_Instagram_1298747.png\" alt=\"Instagram\" width=\"35\" height=\"35\"><\/a> <a title=\"Vimeo\" href=\"https:\/\/vimeo.com\/user48284789\/?hl=fr\" target=\"_blank\" rel=\"noopener noreferrer\"><img loading=\"lazy\" decoding=\"async\" src=\"https:\/\/www.toulon-triathlon.com\/wp-content\/uploads\/2019\/07\/iconfinder_vinevimeo_386740.png\" alt=\"Vimeo\" width=\"35\" height=\"35\"><\/a>\n\n\n\n<h4 class=\"wp-block-heading\">R\u00e9sultats<\/h4>\n\n\n\n<p>En attendant les photos, tous les r\u00e9sultats sont <a href=\"https:\/\/www.timingzone.com\/wp-content\/uploads\/2019\/08\/r%c3%a9sultats-aquathlon-du-pradet-2019-2.pdf\" target=\"_blank\" rel=\"noreferrer noopener\" aria-label=\"ICI (opens in a new tab)\">ICI<\/a><\/p>\n\n\n\n<div class=\"wp-block-image\"><figure class=\"aligncenter\"><img loading=\"lazy\" decoding=\"async\" width=\"960\" height=\"648\" src=\"https:\/\/www.toulon-triathlon.com\/wp-content\/uploads\/2018\/07\/Aquathlon.jpg\" alt=\"\" class=\"wp-image-2604\" srcset=\"https:\/\/www.toulon-triathlon.com\/wp-content\/uploads\/2018\/07\/Aquathlon.jpg 960w, https:\/\/www.toulon-triathlon.com\/wp-content\/uploads\/2018\/07\/Aquathlon-300x203.jpg 300w, https:\/\/www.toulon-triathlon.com\/wp-content\/uploads\/2018\/07\/Aquathlon-768x518.jpg 768w, https:\/\/www.toulon-triathlon.com\/wp-content\/uploads\/2018\/07\/Aquathlon-148x100.jpg 148w, https:\/\/www.toulon-triathlon.com\/wp-content\/uploads\/2018\/07\/Aquathlon-31x21.jpg 31w, https:\/\/www.toulon-triathlon.com\/wp-content\/uploads\/2018\/07\/Aquathlon-38x26.jpg 38w, https:\/\/www.toulon-triathlon.com\/wp-content\/uploads\/2018\/07\/Aquathlon-319x215.jpg 319w\" sizes=\"auto, (max-width: 960px) 100vw, 960px\" \/><\/figure><\/div>\n\n\n\n<p>R\u00e9servez votre d\u00e9but de soir\u00e9e du<strong> vendredi 16 ao\u00fbt 2019 \u00e0 partir de 17h !<\/strong><\/p>\n\n\n\n<p>\u00c9preuve de type Aquathlon se d\u00e9roulant sur le site fabuleux des plages du Pradet.<br>Natation face au poste des Pompiers de la Garonne Course \u00e0 pied vers les oursini\u00e8res puis retour par le sentier des douaniers.<br>Tout \u00e7a avec un coucher de soleil inoubliable&#8230;<\/p>\n\n\n\n<h4 class=\"wp-block-heading\">Course relais \u00e0 partir de cadet (n\u00e9 en 2003 et avant) : 20\u20ac*<\/h4>\n\n\n\n<div class=\"wp-block-image\"><figure class=\"aligncenter is-resized\"><img loading=\"lazy\" decoding=\"async\" src=\"https:\/\/www.toulon-triathlon.com\/wp-content\/uploads\/2019\/05\/ob_ea4a87_aquathlon-bo-jess-1024x636.jpg\" alt=\"\" class=\"wp-image-3287\" width=\"376\" height=\"233\" srcset=\"https:\/\/www.toulon-triathlon.com\/wp-content\/uploads\/2019\/05\/ob_ea4a87_aquathlon-bo-jess-1024x636.jpg 1024w, https:\/\/www.toulon-triathlon.com\/wp-content\/uploads\/2019\/05\/ob_ea4a87_aquathlon-bo-jess-300x186.jpg 300w, https:\/\/www.toulon-triathlon.com\/wp-content\/uploads\/2019\/05\/ob_ea4a87_aquathlon-bo-jess-768x477.jpg 768w, https:\/\/www.toulon-triathlon.com\/wp-content\/uploads\/2019\/05\/ob_ea4a87_aquathlon-bo-jess-148x92.jpg 148w, https:\/\/www.toulon-triathlon.com\/wp-content\/uploads\/2019\/05\/ob_ea4a87_aquathlon-bo-jess-31x19.jpg 31w, https:\/\/www.toulon-triathlon.com\/wp-content\/uploads\/2019\/05\/ob_ea4a87_aquathlon-bo-jess-38x24.jpg 38w, https:\/\/www.toulon-triathlon.com\/wp-content\/uploads\/2019\/05\/ob_ea4a87_aquathlon-bo-jess-346x215.jpg 346w, https:\/\/www.toulon-triathlon.com\/wp-content\/uploads\/2019\/05\/ob_ea4a87_aquathlon-bo-jess.jpg 1600w\" sizes=\"auto, (max-width: 376px) 100vw, 376px\" \/><\/figure><\/div>\n\n\n\n<ul class=\"wp-block-list\"><li>18H45 : \u00ab S \u00bb Relais : 3 X ( 200M Natation \/ 1600M C\u00e0P ) Total parcouru \u00e0 l\u2019issu des 3 Boucles : 600M Natation et 4800M C\u00e0P  <\/li><\/ul>\n\n\n\n<h4 class=\"wp-block-heading\">Courses individuelles de 6 \u00e0 15 ans : 5\u20ac*<\/h4>\n\n\n\n<div class=\"wp-block-image\"><figure class=\"aligncenter is-resized\"><img loading=\"lazy\" decoding=\"async\" src=\"https:\/\/www.toulon-triathlon.com\/wp-content\/uploads\/2019\/05\/jeunes.jpg\" alt=\"\" class=\"wp-image-3288\" width=\"372\" height=\"208\" srcset=\"https:\/\/www.toulon-triathlon.com\/wp-content\/uploads\/2019\/05\/jeunes.jpg 960w, https:\/\/www.toulon-triathlon.com\/wp-content\/uploads\/2019\/05\/jeunes-300x169.jpg 300w, https:\/\/www.toulon-triathlon.com\/wp-content\/uploads\/2019\/05\/jeunes-768x432.jpg 768w, https:\/\/www.toulon-triathlon.com\/wp-content\/uploads\/2019\/05\/jeunes-148x83.jpg 148w, https:\/\/www.toulon-triathlon.com\/wp-content\/uploads\/2019\/05\/jeunes-31x17.jpg 31w, https:\/\/www.toulon-triathlon.com\/wp-content\/uploads\/2019\/05\/jeunes-38x21.jpg 38w, https:\/\/www.toulon-triathlon.com\/wp-content\/uploads\/2019\/05\/jeunes-382x215.jpg 382w, https:\/\/www.toulon-triathlon.com\/wp-content\/uploads\/2019\/05\/jeunes-800x445.jpg 800w\" sizes=\"auto, (max-width: 372px) 100vw, 372px\" \/><\/figure><\/div>\n\n\n\n<ul class=\"wp-block-list\"><li>17H00 : d\u00e9part pour les 6 \/ 9 ANS ( 50M Natation \/ 360 C\u00e0P )<\/li><li>17H15 : d\u00e9part pour les 8 \/ 11 ANS ( 100M Natation \/ 600M C\u00e0P )<\/li><li>17H40 : d\u00e9part pour les 10 \/ 13 ANS ( 200M Natation \/ 750M C\u00e0P )<\/li><li>18H05 : XS Minimes (14 et 15 ans ) 1 encha\u00eenement ( 200M Natation \/ 1600M C\u00e0P )<\/li><li>18H05 : \u00ab Sprint \u00bb 2 boucles Cadets (16\/17 ans) ( 200M Natation \/ 1600M C\u00e0P) Total 400M Natation \/ 3200M C\u00e0P<\/li><\/ul>\n\n\n\n<h4 class=\"wp-block-heading\">Courses individuelles 16 ans et plus : 15\u20ac*<\/h4>\n\n\n\n<div class=\"wp-block-image\"><figure class=\"aligncenter is-resized\"><img loading=\"lazy\" decoding=\"async\" src=\"https:\/\/www.toulon-triathlon.com\/wp-content\/uploads\/2019\/05\/2.jpg\" alt=\"\" class=\"wp-image-3295\" width=\"219\" height=\"387\" srcset=\"https:\/\/www.toulon-triathlon.com\/wp-content\/uploads\/2019\/05\/2-83x148.jpg 83w, https:\/\/www.toulon-triathlon.com\/wp-content\/uploads\/2019\/05\/2-17x31.jpg 17w, https:\/\/www.toulon-triathlon.com\/wp-content\/uploads\/2019\/05\/2-21x38.jpg 21w, https:\/\/www.toulon-triathlon.com\/wp-content\/uploads\/2019\/05\/2-121x215.jpg 121w\" sizes=\"auto, (max-width: 219px) 100vw, 219px\" \/><\/figure><\/div>\n\n\n\n<ul class=\"wp-block-list\"><li>18H05 : \u00ab Sprint \u00bb D\u00e9couvertes+ F\u00e9minines : 2 X ( 200M Natation \/ 1600M C\u00e0P) Total 400M Natation \/ 3200M C\u00e0P <\/li><li>18H45 : \u00ab Sprint \u00bb Hommes : 3 X ( 200M Natation \/ 1600M C\u00e0P)  Total 600M Natation et 4800M C\u00e0P <\/li><\/ul>\n\n\n\n<h4 class=\"wp-block-heading\">&nbsp;Inscriptions (limit\u00e9es \u00e0 200 places)<\/h4>\n\n\n\n<ul class=\"wp-block-list\"><li>En ligne sur <a rel=\"noreferrer noopener\" href=\"https:\/\/www.timingzone.com\/apps\/competitions-detail.php?id=476\" target=\"_blank\">TimingZone<\/a><\/li><li><a href=\"https:\/\/drive.google.com\/open?id=1_JJVFqy0yzqFE28ujLETG2hRDj0wDrOl\">Bulletin papier<\/a><\/li><li>Sur place le jour de la course \u00e0 partir de 15h30 (dans la limite des places disponibles)<\/li><li>Contact : laquathlondupradet@toulon-triathlon.com<\/li><\/ul>\n\n\n\n<p>Pour les non licenci\u00e9s FFTRI : <strong>certificat m\u00e9dical<\/strong> Aquathlon en comp\u00e9tition obligatoire, de moins d\u20191 An<br>Pour les Relais, les licences en lien avec la discipline choisie sont valables.<\/p>\n\n\n\n<h4 class=\"wp-block-heading\">Chronom\u00e9trage<\/h4>\n\n\n\n<p> Effectu\u00e9 par Timingzone.<\/p>\n\n\n\n<p>Temps final de l&rsquo;\u00e9preuve \u00e0 l\u2019arriv\u00e9e<\/p>\n\n\n\n<h4 class=\"wp-block-heading\">Ravitaillement<\/h4>\n\n\n\n<p>Liquide pendant la course. Solide et liquide juste apr\u00e8s la ligne d&rsquo;arriv\u00e9e.<\/p>\n\n\n\n<h4 class=\"wp-block-heading\">Classements et r\u00e9compenses<\/h4>\n\n\n\n<ul class=\"wp-block-list\"><li>Remise des prix unique \u00e0 partir de 19h45.<\/li><li>M\u00e9daille ou Troph\u00e9e aux 3 premiers de chaque cat\u00e9gorie \u00e0 partir de Mini Poussin (Pas de d\u00e9tail dans les cat\u00e9gories Seniors et V\u00e9t\u00e9rans)<\/li><li>Podium aux 3 premi\u00e8res \u00e9quipes Hommes, Femmes, Mixtes.<\/li><\/ul>\n\n\n\n<h4 class=\"wp-block-heading\">S\u00e9curit\u00e9 et assurances<\/h4>\n\n\n\n<p>Un m\u00e9decin et des secouristes sont pr\u00e9sents sur le site. Des<br> kayaks assurent la s\u00e9curit\u00e9 en mer. Le parcours p\u00e9destre est ferm\u00e9 \u00e0 la circulation et encadr\u00e9 par des b\u00e9n\u00e9voles,cependant l&rsquo;athl\u00e8te devra rester vigilant et responsable tout au long de la course. La manifestation est couverte par un contrat de responsabilit\u00e9 civile souscrit aupr\u00e8s de la FFTRI.<br>N\u00e9anmoins  les organisateurs d\u00e9clinent toute responsabilit\u00e9 en cas d&rsquo;accident, de vol et\/ ou de d\u00e9faillance imm\u00e9diate ou future.<\/p>\n\n\n\n<p><strong>*: +2\u20ac de \u00ab\u00a0pass journ\u00e9e\u00a0\u00bb pour les non licenci\u00e9s<\/strong><\/p>\n","protected":false},"excerpt":{"rendered":"<p>R\u00e9sultats En attendant les photos, tous les r\u00e9sultats sont ICI R\u00e9servez votre d\u00e9but de soir\u00e9e du vendredi 16 ao\u00fbt 2019<\/p>\n","protected":false},"author":1,"featured_media":0,"parent":0,"menu_order":0,"comment_status":"closed","ping_status":"closed","template":"","meta":{"colormag_page_container_layout":"no_sidebar_full_width","colormag_page_sidebar_layout":"no_sidebar","_monsterinsights_skip_tracking":false,"_monsterinsights_sitenote_active":false,"_monsterinsights_sitenote_note":"","_monsterinsights_sitenote_category":0,"ngg_post_thumbnail":0,"footnotes":""},"class_list":["post-3286","page","type-page","status-publish","hentry"],"_links":{"self":[{"href":"https:\/\/www.toulon-triathlon.com\/index.php\/wp-json\/wp\/v2\/pages\/3286","targetHints":{"allow":["GET"]}}],"collection":[{"href":"https:\/\/www.toulon-triathlon.com\/index.php\/wp-json\/wp\/v2\/pages"}],"about":[{"href":"https:\/\/www.toulon-triathlon.com\/index.php\/wp-json\/wp\/v2\/types\/page"}],"author":[{"embeddable":true,"href":"https:\/\/www.toulon-triathlon.com\/index.php\/wp-json\/wp\/v2\/users\/1"}],"replies":[{"embeddable":true,"href":"https:\/\/www.toulon-triathlon.com\/index.php\/wp-json\/wp\/v2\/comments?post=3286"}],"version-history":[{"count":11,"href":"https:\/\/www.toulon-triathlon.com\/index.php\/wp-json\/wp\/v2\/pages\/3286\/revisions"}],"predecessor-version":[{"id":3543,"href":"https:\/\/www.toulon-triathlon.com\/index.php\/wp-json\/wp\/v2\/pages\/3286\/revisions\/3543"}],"wp:attachment":[{"href":"https:\/\/www.toulon-triathlon.com\/index.php\/wp-json\/wp\/v2\/media?parent=3286"}],"curies":[{"name":"wp","href":"https:\/\/api.w.org\/{rel}","templated":true}]}}