{"id":171,"date":"2016-08-02T11:03:21","date_gmt":"2016-08-02T09:03:21","guid":{"rendered":"http:\/\/www.toulon-triathlon.com\/?page_id=171"},"modified":"2025-02-12T13:41:19","modified_gmt":"2025-02-12T12:41:19","slug":"les-partenaires","status":"publish","type":"page","link":"https:\/\/www.toulon-triathlon.com\/index.php\/les-partenaires\/","title":{"rendered":"Les partenaires"},"content":{"rendered":"\n<p>C&rsquo;est gr\u00e2ce \u00e0 des partenariats solides, bas\u00e9s sur le partage et la confiance, que Toulon&nbsp;Triathlon continue de figurer en bonne place sur les nombreuses courses auxquelles les adh\u00e9rents du club participent.<\/p>\n\n\n\n<p>C\u2019est pour cela que nous remercions chaleureusement tous nos partenaires pour leur aide et leur soutien :<\/p>\n\n\n\n<figure class=\"wp-block-gallery has-nested-images columns-default is-cropped wp-block-gallery-1 is-layout-flex wp-block-gallery-is-layout-flex\">\n<figure class=\"wp-block-image size-large\"><a href=\"https:\/\/toulon.fr\/\" target=\"_blank\" rel=\" noreferrer noopener\"><img loading=\"lazy\" decoding=\"async\" width=\"1024\" height=\"1024\" data-id=\"3161\" src=\"https:\/\/www.toulon-triathlon.com\/wp-content\/uploads\/2019\/04\/Toulon-logo-cartouche2014-23x23-1024x1024.jpg\" alt=\"\" class=\"wp-image-3161\" srcset=\"https:\/\/www.toulon-triathlon.com\/wp-content\/uploads\/2019\/04\/Toulon-logo-cartouche2014-23x23-1024x1024.jpg 1024w, https:\/\/www.toulon-triathlon.com\/wp-content\/uploads\/2019\/04\/Toulon-logo-cartouche2014-23x23-150x150.jpg 150w, https:\/\/www.toulon-triathlon.com\/wp-content\/uploads\/2019\/04\/Toulon-logo-cartouche2014-23x23-300x300.jpg 300w, https:\/\/www.toulon-triathlon.com\/wp-content\/uploads\/2019\/04\/Toulon-logo-cartouche2014-23x23-768x768.jpg 768w, https:\/\/www.toulon-triathlon.com\/wp-content\/uploads\/2019\/04\/Toulon-logo-cartouche2014-23x23-148x148.jpg 148w, https:\/\/www.toulon-triathlon.com\/wp-content\/uploads\/2019\/04\/Toulon-logo-cartouche2014-23x23-31x31.jpg 31w, https:\/\/www.toulon-triathlon.com\/wp-content\/uploads\/2019\/04\/Toulon-logo-cartouche2014-23x23-38x38.jpg 38w, https:\/\/www.toulon-triathlon.com\/wp-content\/uploads\/2019\/04\/Toulon-logo-cartouche2014-23x23-215x215.jpg 215w, https:\/\/www.toulon-triathlon.com\/wp-content\/uploads\/2019\/04\/Toulon-logo-cartouche2014-23x23.jpg 1811w\" sizes=\"auto, (max-width: 1024px) 100vw, 1024px\" \/><\/a><figcaption class=\"wp-element-caption\">Toulon<\/figcaption><\/figure>\n\n\n\n<figure class=\"wp-block-image size-full\"><a href=\"https:\/\/www.credit-agricole.fr\/ca-pca\/particulier.html\" target=\"_blank\" rel=\" noreferrer noopener\"><img loading=\"lazy\" decoding=\"async\" width=\"225\" height=\"225\" data-id=\"5682\" src=\"https:\/\/www.toulon-triathlon.com\/wp-content\/uploads\/2025\/02\/Credit-agricole.png\" alt=\"\" class=\"wp-image-5682\" srcset=\"https:\/\/www.toulon-triathlon.com\/wp-content\/uploads\/2025\/02\/Credit-agricole.png 225w, https:\/\/www.toulon-triathlon.com\/wp-content\/uploads\/2025\/02\/Credit-agricole-150x150.png 150w, https:\/\/www.toulon-triathlon.com\/wp-content\/uploads\/2025\/02\/Credit-agricole-125x125.png 125w, https:\/\/www.toulon-triathlon.com\/wp-content\/uploads\/2025\/02\/Credit-agricole-200x200.png 200w, https:\/\/www.toulon-triathlon.com\/wp-content\/uploads\/2025\/02\/Credit-agricole-80x80.png 80w\" sizes=\"auto, (max-width: 225px) 100vw, 225px\" \/><\/a><\/figure>\n\n\n\n<figure class=\"wp-block-image size-large\"><a href=\"https:\/\/www.someca.eu\/someca-carriere-carriere-du-revest-s1.php\" target=\"_blank\" rel=\" noreferrer noopener\"><img loading=\"lazy\" decoding=\"async\" width=\"280\" height=\"280\" data-id=\"5679\" src=\"https:\/\/www.toulon-triathlon.com\/wp-content\/uploads\/2025\/02\/Someca.png\" alt=\"\" class=\"wp-image-5679\" srcset=\"https:\/\/www.toulon-triathlon.com\/wp-content\/uploads\/2025\/02\/Someca.png 280w, https:\/\/www.toulon-triathlon.com\/wp-content\/uploads\/2025\/02\/Someca-150x150.png 150w, https:\/\/www.toulon-triathlon.com\/wp-content\/uploads\/2025\/02\/Someca-125x125.png 125w, https:\/\/www.toulon-triathlon.com\/wp-content\/uploads\/2025\/02\/Someca-200x200.png 200w, https:\/\/www.toulon-triathlon.com\/wp-content\/uploads\/2025\/02\/Someca-80x80.png 80w\" sizes=\"auto, (max-width: 280px) 100vw, 280px\" \/><\/a><\/figure>\n<\/figure>\n\n\n\n<p>&nbsp; &nbsp; &nbsp; &nbsp; &nbsp; &nbsp;&nbsp; &nbsp; &nbsp; &nbsp; &nbsp; &nbsp; &nbsp; &nbsp; &nbsp; &nbsp; &nbsp;&nbsp;<\/p>\n\n\n\n<div>&nbsp;<\/div>\n","protected":false},"excerpt":{"rendered":"<p>C&rsquo;est gr\u00e2ce \u00e0 des partenariats solides, bas\u00e9s sur le partage et la confiance, que Toulon&nbsp;Triathlon continue de figurer en bonne<\/p>\n","protected":false},"author":1,"featured_media":0,"parent":0,"menu_order":0,"comment_status":"closed","ping_status":"closed","template":"","meta":{"colormag_page_container_layout":"default_layout","colormag_page_sidebar_layout":"default_layout","_monsterinsights_skip_tracking":false,"_monsterinsights_sitenote_active":false,"_monsterinsights_sitenote_note":"","_monsterinsights_sitenote_category":0,"ngg_post_thumbnail":0,"footnotes":""},"class_list":["post-171","page","type-page","status-publish","hentry"],"_links":{"self":[{"href":"https:\/\/www.toulon-triathlon.com\/index.php\/wp-json\/wp\/v2\/pages\/171","targetHints":{"allow":["GET"]}}],"collection":[{"href":"https:\/\/www.toulon-triathlon.com\/index.php\/wp-json\/wp\/v2\/pages"}],"about":[{"href":"https:\/\/www.toulon-triathlon.com\/index.php\/wp-json\/wp\/v2\/types\/page"}],"author":[{"embeddable":true,"href":"https:\/\/www.toulon-triathlon.com\/index.php\/wp-json\/wp\/v2\/users\/1"}],"replies":[{"embeddable":true,"href":"https:\/\/www.toulon-triathlon.com\/index.php\/wp-json\/wp\/v2\/comments?post=171"}],"version-history":[{"count":6,"href":"https:\/\/www.toulon-triathlon.com\/index.php\/wp-json\/wp\/v2\/pages\/171\/revisions"}],"predecessor-version":[{"id":5683,"href":"https:\/\/www.toulon-triathlon.com\/index.php\/wp-json\/wp\/v2\/pages\/171\/revisions\/5683"}],"wp:attachment":[{"href":"https:\/\/www.toulon-triathlon.com\/index.php\/wp-json\/wp\/v2\/media?parent=171"}],"curies":[{"name":"wp","href":"https:\/\/api.w.org\/{rel}","templated":true}]}}