{"id":165,"date":"2016-08-02T10:50:27","date_gmt":"2016-08-02T08:50:27","guid":{"rendered":"http:\/\/www.toulon-triathlon.com\/?page_id=165"},"modified":"2025-03-12T08:25:03","modified_gmt":"2025-03-12T07:25:03","slug":"les-infrastructures","status":"publish","type":"page","link":"https:\/\/www.toulon-triathlon.com\/index.php\/les-infrastructures\/","title":{"rendered":"Les Infrastructures"},"content":{"rendered":"\n<p>A Toulon tout&nbsp;est fait pour une pratique optimale du triathlon:<\/p>\n\n\n\n<div class=\"wp-block-media-text has-media-on-the-right is-stacked-on-mobile\" style=\"grid-template-columns:auto 45%\"><div class=\"wp-block-media-text__content\">\n<p>3 piscines dont un bassin 50m ext\u00e9rieur (fermeture annuelle de fin d\u00e9cembre \u00e0 fin f\u00e9vrier)<\/p>\n<\/div><figure class=\"wp-block-media-text__media\"><img loading=\"lazy\" decoding=\"async\" width=\"300\" height=\"112\" src=\"https:\/\/www.toulon-triathlon.com\/wp-content\/uploads\/2016\/08\/PortMarchand-300x112.jpg\" alt=\"PortMarchand\" class=\"wp-image-168 size-full\" srcset=\"https:\/\/www.toulon-triathlon.com\/wp-content\/uploads\/2016\/08\/PortMarchand-300x112.jpg 300w, https:\/\/www.toulon-triathlon.com\/wp-content\/uploads\/2016\/08\/PortMarchand-148x55.jpg 148w, https:\/\/www.toulon-triathlon.com\/wp-content\/uploads\/2016\/08\/PortMarchand-31x12.jpg 31w, https:\/\/www.toulon-triathlon.com\/wp-content\/uploads\/2016\/08\/PortMarchand-38x14.jpg 38w, https:\/\/www.toulon-triathlon.com\/wp-content\/uploads\/2016\/08\/PortMarchand.jpg 368w\" sizes=\"auto, (max-width: 300px) 100vw, 300px\" \/><\/figure><\/div>\n\n\n\n<hr class=\"wp-block-separator has-alpha-channel-opacity has-luminous-dusk-gradient-background has-background is-style-wide\"\/>\n\n\n\n<div class=\"wp-block-media-text is-stacked-on-mobile\"><figure class=\"wp-block-media-text__media\"><img loading=\"lazy\" decoding=\"async\" width=\"700\" height=\"171\" src=\"https:\/\/www.toulon-triathlon.com\/wp-content\/uploads\/2016\/06\/Monts_toulonnais.jpg\" alt=\"\" class=\"wp-image-243 size-full\" srcset=\"https:\/\/www.toulon-triathlon.com\/wp-content\/uploads\/2016\/06\/Monts_toulonnais.jpg 700w, https:\/\/www.toulon-triathlon.com\/wp-content\/uploads\/2016\/06\/Monts_toulonnais-300x73.jpg 300w, https:\/\/www.toulon-triathlon.com\/wp-content\/uploads\/2016\/06\/Monts_toulonnais-148x36.jpg 148w, https:\/\/www.toulon-triathlon.com\/wp-content\/uploads\/2016\/06\/Monts_toulonnais-31x8.jpg 31w, https:\/\/www.toulon-triathlon.com\/wp-content\/uploads\/2016\/06\/Monts_toulonnais-38x9.jpg 38w, https:\/\/www.toulon-triathlon.com\/wp-content\/uploads\/2016\/06\/Monts_toulonnais-425x104.jpg 425w\" sizes=\"auto, (max-width: 700px) 100vw, 700px\" \/><\/figure><div class=\"wp-block-media-text__content\">\n<p>Tr\u00e8s grand nombre de parcours v\u00e9lo de plat \u00e0 tr\u00e8s vallonn\u00e9 avec notamment les fameux 3 monts toulonnais (Faron, Coudon et Mont Caume) mais aussi Espigoullier, route des cr\u00eates entre la Ciotat et Cassis, Notre Dame des Anges, Col de Babaou,&#8230;<\/p>\n<\/div><\/div>\n\n\n\n<hr class=\"wp-block-separator has-alpha-channel-opacity has-cool-to-warm-spectrum-gradient-background has-background is-style-wide\" style=\"margin-top:var(--wp--preset--spacing--60);margin-bottom:var(--wp--preset--spacing--60)\"\/>\n\n\n\n<div class=\"wp-block-media-text has-media-on-the-right is-stacked-on-mobile\"><div class=\"wp-block-media-text__content\">\n<p>Stade d&rsquo;athl\u00e9tisme L\u00e9o Lagrange<\/p>\n<\/div><figure class=\"wp-block-media-text__media\"><img loading=\"lazy\" decoding=\"async\" width=\"970\" height=\"468\" src=\"https:\/\/www.toulon-triathlon.com\/wp-content\/uploads\/2016\/06\/leo_lagranges_nocturne.jpg\" alt=\"\" class=\"wp-image-228 size-full\" srcset=\"https:\/\/www.toulon-triathlon.com\/wp-content\/uploads\/2016\/06\/leo_lagranges_nocturne.jpg 970w, https:\/\/www.toulon-triathlon.com\/wp-content\/uploads\/2016\/06\/leo_lagranges_nocturne-300x145.jpg 300w, https:\/\/www.toulon-triathlon.com\/wp-content\/uploads\/2016\/06\/leo_lagranges_nocturne-768x371.jpg 768w, https:\/\/www.toulon-triathlon.com\/wp-content\/uploads\/2016\/06\/leo_lagranges_nocturne-148x71.jpg 148w, https:\/\/www.toulon-triathlon.com\/wp-content\/uploads\/2016\/06\/leo_lagranges_nocturne-31x15.jpg 31w, https:\/\/www.toulon-triathlon.com\/wp-content\/uploads\/2016\/06\/leo_lagranges_nocturne-38x18.jpg 38w, https:\/\/www.toulon-triathlon.com\/wp-content\/uploads\/2016\/06\/leo_lagranges_nocturne-425x205.jpg 425w\" sizes=\"auto, (max-width: 970px) 100vw, 970px\" \/><\/figure><\/div>\n\n\n\n<p><\/p>\n","protected":false},"excerpt":{"rendered":"<p>A Toulon tout&nbsp;est fait pour une pratique optimale du triathlon: 3 piscines dont un bassin 50m ext\u00e9rieur (fermeture annuelle de<\/p>\n","protected":false},"author":1,"featured_media":0,"parent":0,"menu_order":0,"comment_status":"closed","ping_status":"closed","template":"","meta":{"colormag_page_container_layout":"no_sidebar_full_width","colormag_page_sidebar_layout":"no_sidebar","_monsterinsights_skip_tracking":false,"_monsterinsights_sitenote_active":false,"_monsterinsights_sitenote_note":"","_monsterinsights_sitenote_category":0,"ngg_post_thumbnail":0,"footnotes":""},"class_list":["post-165","page","type-page","status-publish","hentry"],"_links":{"self":[{"href":"https:\/\/www.toulon-triathlon.com\/index.php\/wp-json\/wp\/v2\/pages\/165","targetHints":{"allow":["GET"]}}],"collection":[{"href":"https:\/\/www.toulon-triathlon.com\/index.php\/wp-json\/wp\/v2\/pages"}],"about":[{"href":"https:\/\/www.toulon-triathlon.com\/index.php\/wp-json\/wp\/v2\/types\/page"}],"author":[{"embeddable":true,"href":"https:\/\/www.toulon-triathlon.com\/index.php\/wp-json\/wp\/v2\/users\/1"}],"replies":[{"embeddable":true,"href":"https:\/\/www.toulon-triathlon.com\/index.php\/wp-json\/wp\/v2\/comments?post=165"}],"version-history":[{"count":12,"href":"https:\/\/www.toulon-triathlon.com\/index.php\/wp-json\/wp\/v2\/pages\/165\/revisions"}],"predecessor-version":[{"id":5751,"href":"https:\/\/www.toulon-triathlon.com\/index.php\/wp-json\/wp\/v2\/pages\/165\/revisions\/5751"}],"wp:attachment":[{"href":"https:\/\/www.toulon-triathlon.com\/index.php\/wp-json\/wp\/v2\/media?parent=165"}],"curies":[{"name":"wp","href":"https:\/\/api.w.org\/{rel}","templated":true}]}}